{"id":942,"date":"2025-08-26T23:36:42","date_gmt":"2025-08-26T21:36:42","guid":{"rendered":"https:\/\/gadyacuambi.gob.ec\/?page_id=942"},"modified":"2026-04-22T22:42:47","modified_gmt":"2026-04-22T20:42:47","slug":"resoluciones","status":"publish","type":"page","link":"https:\/\/gadyacuambi.gob.ec\/index.php\/resoluciones\/","title":{"rendered":"Resoluciones"},"content":{"rendered":"\t\t<div data-elementor-type=\"wp-page\" data-elementor-id=\"942\" class=\"elementor elementor-942\" data-elementor-post-type=\"page\">\n\t\t\t\t<div class=\"elementor-element elementor-element-973f816 e-flex e-con-boxed e-con e-parent\" data-id=\"973f816\" data-element_type=\"container\">\n\t\t\t\t\t<div class=\"e-con-inner\">\n\t\t<div class=\"elementor-element elementor-element-79e0347 e-con-full e-flex e-con e-child\" data-id=\"79e0347\" data-element_type=\"container\">\n\t\t\t\t<div class=\"elementor-element elementor-element-cb74f02 elementor-widget elementor-widget-n-accordion\" data-id=\"cb74f02\" data-element_type=\"widget\" data-settings=\"{&quot;default_state&quot;:&quot;expanded&quot;,&quot;max_items_expended&quot;:&quot;one&quot;,&quot;n_accordion_animation_duration&quot;:{&quot;unit&quot;:&quot;ms&quot;,&quot;size&quot;:400,&quot;sizes&quot;:[]}}\" data-widget_type=\"nested-accordion.default\">\n\t\t\t\t<div class=\"elementor-widget-container\">\n\t\t\t\t\t\t\t<div class=\"e-n-accordion\" aria-label=\"Accordion. Open links with Enter or Space, close with Escape, and navigate with Arrow Keys\">\n\t\t\t\t\t\t<details id=\"e-n-accordion-item-2130\" class=\"e-n-accordion-item\" open>\n\t\t\t\t<summary class=\"e-n-accordion-item-title\" data-accordion-index=\"1\" tabindex=\"0\" aria-expanded=\"true\" aria-controls=\"e-n-accordion-item-2130\" >\n\t\t\t\t\t<span class='e-n-accordion-item-title-header'><div class=\"e-n-accordion-item-title-text\"> RESOLUCIONES 2024 <\/div><\/span>\n\t\t\t\t\t\t\t<span class='e-n-accordion-item-title-icon'>\n\t\t\t<span class='e-opened' ><svg aria-hidden=\"true\" class=\"e-font-icon-svg e-fas-minus\" viewBox=\"0 0 448 512\" xmlns=\"http:\/\/www.w3.org\/2000\/svg\"><path d=\"M416 208H32c-17.67 0-32 14.33-32 32v32c0 17.67 14.33 32 32 32h384c17.67 0 32-14.33 32-32v-32c0-17.67-14.33-32-32-32z\"><\/path><\/svg><\/span>\n\t\t\t<span class='e-closed'><svg aria-hidden=\"true\" class=\"e-font-icon-svg e-fas-plus\" viewBox=\"0 0 448 512\" xmlns=\"http:\/\/www.w3.org\/2000\/svg\"><path d=\"M416 208H272V64c0-17.67-14.33-32-32-32h-32c-17.67 0-32 14.33-32 32v144H32c-17.67 0-32 14.33-32 32v32c0 17.67 14.33 32 32 32h144v144c0 17.67 14.33 32 32 32h32c17.67 0 32-14.33 32-32V304h144c17.67 0 32-14.33 32-32v-32c0-17.67-14.33-32-32-32z\"><\/path><\/svg><\/span>\n\t\t<\/span>\n\n\t\t\t\t\t\t<\/summary>\n\t\t\t\t<div role=\"region\" aria-labelledby=\"e-n-accordion-item-2130\" class=\"elementor-element elementor-element-2b65f24 e-con-full e-flex e-con e-child\" data-id=\"2b65f24\" data-element_type=\"container\">\n\t\t\t\t<div class=\"elementor-element elementor-element-12fbb9b elementor-widget elementor-widget-text-editor\" data-id=\"12fbb9b\" data-element_type=\"widget\" data-widget_type=\"text-editor.default\">\n\t\t\t\t<div class=\"elementor-widget-container\">\n\t\t\t\t\t\t\t\t\t<p><a href=\"https:\/\/drive.google.com\/file\/d\/1q3MGWXw445jRnGHH2-2mCRnI9lWPB8Wy\/view?usp=sharing\">RESOLUCI\u00d3N LEGISLATIVA NRO 040.<\/a><\/p>\t\t\t\t\t\t\t\t<\/div>\n\t\t\t\t<\/div>\n\t\t\t\t<\/div>\n\t\t\t\t\t<\/details>\n\t\t\t\t\t\t<details id=\"e-n-accordion-item-2131\" class=\"e-n-accordion-item\" >\n\t\t\t\t<summary class=\"e-n-accordion-item-title\" data-accordion-index=\"2\" tabindex=\"-1\" aria-expanded=\"false\" aria-controls=\"e-n-accordion-item-2131\" >\n\t\t\t\t\t<span class='e-n-accordion-item-title-header'><div class=\"e-n-accordion-item-title-text\"> RESOLUCIONES 2025 <\/div><\/span>\n\t\t\t\t\t\t\t<span class='e-n-accordion-item-title-icon'>\n\t\t\t<span class='e-opened' ><svg aria-hidden=\"true\" class=\"e-font-icon-svg e-fas-minus\" viewBox=\"0 0 448 512\" xmlns=\"http:\/\/www.w3.org\/2000\/svg\"><path d=\"M416 208H32c-17.67 0-32 14.33-32 32v32c0 17.67 14.33 32 32 32h384c17.67 0 32-14.33 32-32v-32c0-17.67-14.33-32-32-32z\"><\/path><\/svg><\/span>\n\t\t\t<span class='e-closed'><svg aria-hidden=\"true\" class=\"e-font-icon-svg e-fas-plus\" viewBox=\"0 0 448 512\" xmlns=\"http:\/\/www.w3.org\/2000\/svg\"><path d=\"M416 208H272V64c0-17.67-14.33-32-32-32h-32c-17.67 0-32 14.33-32 32v144H32c-17.67 0-32 14.33-32 32v32c0 17.67 14.33 32 32 32h144v144c0 17.67 14.33 32 32 32h32c17.67 0 32-14.33 32-32V304h144c17.67 0 32-14.33 32-32v-32c0-17.67-14.33-32-32-32z\"><\/path><\/svg><\/span>\n\t\t<\/span>\n\n\t\t\t\t\t\t<\/summary>\n\t\t\t\t<div role=\"region\" aria-labelledby=\"e-n-accordion-item-2131\" class=\"elementor-element elementor-element-d4ca7c6 e-con-full e-flex e-con e-child\" data-id=\"d4ca7c6\" data-element_type=\"container\">\n\t\t\t\t<div class=\"elementor-element elementor-element-a4bd6b7 elementor-widget elementor-widget-text-editor\" data-id=\"a4bd6b7\" data-element_type=\"widget\" data-widget_type=\"text-editor.default\">\n\t\t\t\t<div class=\"elementor-widget-container\">\n\t\t\t\t\t\t\t\t\t<p><a href=\"https:\/\/drive.google.com\/file\/d\/1iy0OGy9KHyoPxQ_FBnWe-aXzyOThUCBt\/view?usp=sharing\">RESOLUCI\u00d3N ADMINISTRATIVA NRO. 100<\/a><\/p><p><a href=\"https:\/\/drive.google.com\/file\/d\/1t4oBgX8a2uY0hF_1qb2b2YSixmDAYFfe\/view?usp=sharing\">RESOLUCI\u00d3N ADMINISTRATIVA NRO. 101<\/a><\/p><p><a href=\"https:\/\/drive.google.com\/file\/d\/123bU77xjSFHwD5QM7rYpRcRTUlrLxdVu\/view?usp=sharing\">RESOLUCI\u00d3N ADMINISTRATIVA NRO. 102<\/a><\/p><p><a href=\"https:\/\/drive.google.com\/file\/d\/1HrFF8UrBxlYKDCQqYiS3Twit1O7rBbNB\/view?usp=sharing\">RESOLUCI\u00d3N ADMINISTRATIVA NRO. 103<\/a><\/p><p><a href=\"https:\/\/drive.google.com\/file\/d\/1jORe0GrT0amK2Vocevi8-WpE6U_2qk2-\/view?usp=sharing\">RESOLUCI\u00d3N EJECUTIVA NRO. 0001 GADMY-2025<\/a><\/p>\t\t\t\t\t\t\t\t<\/div>\n\t\t\t\t<\/div>\n\t\t\t\t<\/div>\n\t\t\t\t\t<\/details>\n\t\t\t\t\t\t<details id=\"e-n-accordion-item-2132\" class=\"e-n-accordion-item\" >\n\t\t\t\t<summary class=\"e-n-accordion-item-title\" data-accordion-index=\"3\" tabindex=\"-1\" aria-expanded=\"false\" aria-controls=\"e-n-accordion-item-2132\" >\n\t\t\t\t\t<span class='e-n-accordion-item-title-header'><div class=\"e-n-accordion-item-title-text\"> RESOLUCIONES 2026 <\/div><\/span>\n\t\t\t\t\t\t\t<span class='e-n-accordion-item-title-icon'>\n\t\t\t<span class='e-opened' ><svg aria-hidden=\"true\" class=\"e-font-icon-svg e-fas-minus\" viewBox=\"0 0 448 512\" xmlns=\"http:\/\/www.w3.org\/2000\/svg\"><path d=\"M416 208H32c-17.67 0-32 14.33-32 32v32c0 17.67 14.33 32 32 32h384c17.67 0 32-14.33 32-32v-32c0-17.67-14.33-32-32-32z\"><\/path><\/svg><\/span>\n\t\t\t<span class='e-closed'><svg aria-hidden=\"true\" class=\"e-font-icon-svg e-fas-plus\" viewBox=\"0 0 448 512\" xmlns=\"http:\/\/www.w3.org\/2000\/svg\"><path d=\"M416 208H272V64c0-17.67-14.33-32-32-32h-32c-17.67 0-32 14.33-32 32v144H32c-17.67 0-32 14.33-32 32v32c0 17.67 14.33 32 32 32h144v144c0 17.67 14.33 32 32 32h32c17.67 0 32-14.33 32-32V304h144c17.67 0 32-14.33 32-32v-32c0-17.67-14.33-32-32-32z\"><\/path><\/svg><\/span>\n\t\t<\/span>\n\n\t\t\t\t\t\t<\/summary>\n\t\t\t\t<div role=\"region\" aria-labelledby=\"e-n-accordion-item-2132\" class=\"elementor-element elementor-element-c18af3c e-flex e-con-boxed e-con e-child\" data-id=\"c18af3c\" data-element_type=\"container\">\n\t\t\t\t\t<div class=\"e-con-inner\">\n\t\t\t\t<div class=\"elementor-element elementor-element-3044295 elementor-widget elementor-widget-text-editor\" data-id=\"3044295\" data-element_type=\"widget\" data-widget_type=\"text-editor.default\">\n\t\t\t\t<div class=\"elementor-widget-container\">\n\t\t\t\t\t\t\t\t\t<p><a href=\"https:\/\/drive.google.com\/file\/d\/1F4A3sCQYEluaOxcop_K3wFNeq1jRkcLB\/view?usp=sharing\">RESOLUCI\u00d3N ADMINISTRATIVA NRO. 019-A-GADMCY-2026<\/a><\/p><p><a href=\"https:\/\/drive.google.com\/file\/d\/1SgKRKfnvsWTVIzOnd_HzrW2SLk7Tt54J\/view?usp=sharing\">RESOLUCI\u00d3N ADMINISTRATIVA NRO 031-A-GADMCY-2026<\/a><\/p><p><a href=\"https:\/\/drive.google.com\/file\/d\/1_q88F00zHF8XHBe4QY0X0mtnAfJpGltf\/view?usp=sharing\">RESOLUCI\u00d3N ADMINISTRATIVA NRO 045-A-GADMCY-2026<\/a><\/p>\t\t\t\t\t\t\t\t<\/div>\n\t\t\t\t<\/div>\n\t\t\t\t\t<\/div>\n\t\t\t\t<\/div>\n\t\t\t\t\t<\/details>\n\t\t\t\t\t<\/div>\n\t\t\t\t\t\t<\/div>\n\t\t\t\t<\/div>\n\t\t\t\t<\/div>\n\t\t\t\t\t<\/div>\n\t\t\t\t<\/div>\n\t\t\t\t<\/div>\n\t\t","protected":false},"excerpt":{"rendered":"<p>RESOLUCIONES 2024 RESOLUCI\u00d3N LEGISLATIVA NRO 040. RESOLUCIONES 2025 RESOLUCI\u00d3N ADMINISTRATIVA NRO. 100 RESOLUCI\u00d3N ADMINISTRATIVA NRO. 101 RESOLUCI\u00d3N ADMINISTRATIVA NRO. 102 RESOLUCI\u00d3N ADMINISTRATIVA NRO. 103 RESOLUCI\u00d3N EJECUTIVA NRO. 0001 GADMY-2025 RESOLUCIONES 2026 RESOLUCI\u00d3N ADMINISTRATIVA NRO. 019-A-GADMCY-2026 RESOLUCI\u00d3N ADMINISTRATIVA NRO 031-A-GADMCY-2026 RESOLUCI\u00d3N ADMINISTRATIVA NRO 045-A-GADMCY-2026 RESOLUCI\u00d3N LEGISLATIVA NRO 040. RESOLUCI\u00d3N ADMINISTRATIVA NRO. 100 RESOLUCI\u00d3N ADMINISTRATIVA NRO. 101 [&hellip;]<\/p>\n","protected":false},"author":1,"featured_media":0,"parent":0,"menu_order":0,"comment_status":"closed","ping_status":"closed","template":"","meta":{"footnotes":""},"class_list":["post-942","page","type-page","status-publish","hentry"],"_links":{"self":[{"href":"https:\/\/gadyacuambi.gob.ec\/index.php\/wp-json\/wp\/v2\/pages\/942","targetHints":{"allow":["GET"]}}],"collection":[{"href":"https:\/\/gadyacuambi.gob.ec\/index.php\/wp-json\/wp\/v2\/pages"}],"about":[{"href":"https:\/\/gadyacuambi.gob.ec\/index.php\/wp-json\/wp\/v2\/types\/page"}],"author":[{"embeddable":true,"href":"https:\/\/gadyacuambi.gob.ec\/index.php\/wp-json\/wp\/v2\/users\/1"}],"replies":[{"embeddable":true,"href":"https:\/\/gadyacuambi.gob.ec\/index.php\/wp-json\/wp\/v2\/comments?post=942"}],"version-history":[{"count":0,"href":"https:\/\/gadyacuambi.gob.ec\/index.php\/wp-json\/wp\/v2\/pages\/942\/revisions"}],"wp:attachment":[{"href":"https:\/\/gadyacuambi.gob.ec\/index.php\/wp-json\/wp\/v2\/media?parent=942"}],"curies":[{"name":"wp","href":"https:\/\/api.w.org\/{rel}","templated":true}]}}